{"id":2458,"date":"2026-01-30T14:07:06","date_gmt":"2026-01-30T13:07:06","guid":{"rendered":"https:\/\/www.claire-ebendinger.fr\/?page_id=2458"},"modified":"2026-01-30T14:28:34","modified_gmt":"2026-01-30T13:28:34","slug":"gemischte-blatter","status":"publish","type":"page","link":"https:\/\/www.claire-ebendinger.fr\/?page_id=2458","title":{"rendered":"Gemischte Bl\u00e4tter"},"content":{"rendered":"\n<h4 class=\"wp-block-heading\">On paper, modularity and memory<\/h4>\n\n\n\n<p class=\"has-black-color has-text-color has-link-color wp-elements-5dfa1f3d8ba5963f0a0ae462837857b7\">Gemischte Bl\u00e4tter consists of weaving sheets of paper made from original GDR material (12 \u00d7 17 cm).  Paper weaving, which is a domestic activity, fits well into the setting of an appartment, and especially  that of a plattenbau. Plattenbauten are buildings assembled from factory-produced, concrete slabs and were  heavily used in the former East Germany (GDR) to address housing shortages from the 1960s to the 1990s. The presentation of the series in a <em>Plattenbau<\/em> apartment thus also makes sense formaly, as both are shaped by principles such as modularity, repetition, and functionality. When scanned in Black and white, the architectural qualities of some of the paper weavings become particularly apparent. For this reason, the motifs were printed at a large scale. The A4 prints were arranged on the wall piece by piece\u2014like <em>Plattenbau<\/em> modules assembled one element at a time.<\/p>\n\n\n\n<figure class=\"wp-block-image size-large\"><img loading=\"lazy\" decoding=\"async\" width=\"1024\" height=\"768\" src=\"https:\/\/www.claire-ebendinger.fr\/wp-content\/uploads\/2026\/01\/IMG_0066-\u00a9-Claire-Ebendinger_EDIT-1024x768.jpg\" alt=\"\" class=\"wp-image-2464\" srcset=\"https:\/\/www.claire-ebendinger.fr\/wp-content\/uploads\/2026\/01\/IMG_0066-\u00a9-Claire-Ebendinger_EDIT-1024x768.jpg 1024w, https:\/\/www.claire-ebendinger.fr\/wp-content\/uploads\/2026\/01\/IMG_0066-\u00a9-Claire-Ebendinger_EDIT-300x225.jpg 300w, https:\/\/www.claire-ebendinger.fr\/wp-content\/uploads\/2026\/01\/IMG_0066-\u00a9-Claire-Ebendinger_EDIT-768x576.jpg 768w, https:\/\/www.claire-ebendinger.fr\/wp-content\/uploads\/2026\/01\/IMG_0066-\u00a9-Claire-Ebendinger_EDIT.jpg 1411w\" sizes=\"auto, (max-width: 1024px) 100vw, 1024px\" \/><figcaption class=\"wp-element-caption\">Flechtbl\u00e4tter I\u2028\u2028, originale DDR Flechtbl\u00e4tter, Aufkleber\u202812 x 17 cm (20 x 27 gerahmt), exhibited in a former Plattenbau apartment (Ludwig Hayne Str. 18-20, 04600 Altenburg)<\/figcaption><\/figure>\n\n\n\n<figure class=\"wp-block-image size-large\"><img loading=\"lazy\" decoding=\"async\" width=\"1024\" height=\"772\" src=\"https:\/\/www.claire-ebendinger.fr\/wp-content\/uploads\/2026\/01\/P1010295-\u00a9-Claire-Ebendinger_CROP-1024x772.jpg\" alt=\"\" class=\"wp-image-2463\" srcset=\"https:\/\/www.claire-ebendinger.fr\/wp-content\/uploads\/2026\/01\/P1010295-\u00a9-Claire-Ebendinger_CROP-1024x772.jpg 1024w, https:\/\/www.claire-ebendinger.fr\/wp-content\/uploads\/2026\/01\/P1010295-\u00a9-Claire-Ebendinger_CROP-300x226.jpg 300w, https:\/\/www.claire-ebendinger.fr\/wp-content\/uploads\/2026\/01\/P1010295-\u00a9-Claire-Ebendinger_CROP-768x579.jpg 768w, https:\/\/www.claire-ebendinger.fr\/wp-content\/uploads\/2026\/01\/P1010295-\u00a9-Claire-Ebendinger_CROP.jpg 1376w\" sizes=\"auto, (max-width: 1024px) 100vw, 1024px\" \/><figcaption class=\"wp-element-caption\">Flechtbl\u00e4tter I &amp; II, \u2028originale DDR Flechtbl\u00e4tter, Aufkleber\u2028, \u202812 x 17 cm (20 x 27 gerahmt), 17 x 24 cm (31 x 26 gerahmt), exhibited in a former Plattenbau apartment (Ludwig Hayne Str. 18-20, 04600 Altenburg)<\/figcaption><\/figure>\n\n\n\n<figure class=\"wp-block-image size-large\"><img loading=\"lazy\" decoding=\"async\" width=\"1024\" height=\"772\" src=\"https:\/\/www.claire-ebendinger.fr\/wp-content\/uploads\/2026\/01\/P1010301-\u00a9-Claire-Ebendinger_AI2-1024x772.jpg\" alt=\"\" class=\"wp-image-2460\" srcset=\"https:\/\/www.claire-ebendinger.fr\/wp-content\/uploads\/2026\/01\/P1010301-\u00a9-Claire-Ebendinger_AI2-1024x772.jpg 1024w, https:\/\/www.claire-ebendinger.fr\/wp-content\/uploads\/2026\/01\/P1010301-\u00a9-Claire-Ebendinger_AI2-300x226.jpg 300w, https:\/\/www.claire-ebendinger.fr\/wp-content\/uploads\/2026\/01\/P1010301-\u00a9-Claire-Ebendinger_AI2-768x579.jpg 768w, https:\/\/www.claire-ebendinger.fr\/wp-content\/uploads\/2026\/01\/P1010301-\u00a9-Claire-Ebendinger_AI2.jpg 1461w\" sizes=\"auto, (max-width: 1024px) 100vw, 1024px\" \/><figcaption class=\"wp-element-caption\">Flechtbl\u00e4tter I &amp; II \u2028originale DDR Flechtbl\u00e4tter, Aufkleber\u2028, 2024- 2025, \u202812 x 17 cm (20 x 27 gerahmt), 17 x 24 cm (31 x 26 gerahmt), exhibited in a former Plattenbau apartment (Ludwig Hayne Str. 18-20, 04600 Altenburg)<\/figcaption><\/figure>\n\n\n\n<figure class=\"wp-block-image size-large\"><img loading=\"lazy\" decoding=\"async\" width=\"1024\" height=\"768\" src=\"https:\/\/www.claire-ebendinger.fr\/wp-content\/uploads\/2026\/01\/IMG_0044-\u00a9-Claire-Ebendinger_EDIT-1024x768.jpg\" alt=\"\" class=\"wp-image-2465\" srcset=\"https:\/\/www.claire-ebendinger.fr\/wp-content\/uploads\/2026\/01\/IMG_0044-\u00a9-Claire-Ebendinger_EDIT-1024x768.jpg 1024w, https:\/\/www.claire-ebendinger.fr\/wp-content\/uploads\/2026\/01\/IMG_0044-\u00a9-Claire-Ebendinger_EDIT-300x225.jpg 300w, https:\/\/www.claire-ebendinger.fr\/wp-content\/uploads\/2026\/01\/IMG_0044-\u00a9-Claire-Ebendinger_EDIT-768x576.jpg 768w, https:\/\/www.claire-ebendinger.fr\/wp-content\/uploads\/2026\/01\/IMG_0044-\u00a9-Claire-Ebendinger_EDIT.jpg 1411w\" sizes=\"auto, (max-width: 1024px) 100vw, 1024px\" \/><figcaption class=\"wp-element-caption\">Projekt f\u00fcr ein Fenster, Collage, \u20282025, \u202842 x 62 (53 x 73 cm gerahmt), exhibited in a former Plattenbau apartment (Ludwig Hayne Str. 18-20, 04600 Altenburg)<\/figcaption><\/figure>\n\n\n\n<figure class=\"wp-block-image size-large\"><img loading=\"lazy\" decoding=\"async\" width=\"1024\" height=\"771\" src=\"https:\/\/www.claire-ebendinger.fr\/wp-content\/uploads\/2026\/01\/P1010309-\u00a9-Claire-Ebendinger_EDIT_CROP-1-1024x771.jpg\" alt=\"\" class=\"wp-image-2475\" srcset=\"https:\/\/www.claire-ebendinger.fr\/wp-content\/uploads\/2026\/01\/P1010309-\u00a9-Claire-Ebendinger_EDIT_CROP-1-1024x771.jpg 1024w, https:\/\/www.claire-ebendinger.fr\/wp-content\/uploads\/2026\/01\/P1010309-\u00a9-Claire-Ebendinger_EDIT_CROP-1-300x226.jpg 300w, https:\/\/www.claire-ebendinger.fr\/wp-content\/uploads\/2026\/01\/P1010309-\u00a9-Claire-Ebendinger_EDIT_CROP-1-768x578.jpg 768w, https:\/\/www.claire-ebendinger.fr\/wp-content\/uploads\/2026\/01\/P1010309-\u00a9-Claire-Ebendinger_EDIT_CROP-1-1536x1157.jpg 1536w, https:\/\/www.claire-ebendinger.fr\/wp-content\/uploads\/2026\/01\/P1010309-\u00a9-Claire-Ebendinger_EDIT_CROP-1.jpg 1548w\" sizes=\"auto, (max-width: 1024px) 100vw, 1024px\" \/><figcaption class=\"wp-element-caption\">Flechtbl\u00e4tter I &amp; II \u2028originale DDR Flechtbl\u00e4tter, Aufkleber\u2028, 2024- 2025, \u202812 x 17 cm (20 x 27 gerahmt), 17 x 24 cm (31 x 26 gerahmt), exhibited in a former Plattenbau apartment (Ludwig Hayne Str. 18-20, 04600 Altenburg)<\/figcaption><\/figure>\n","protected":false},"excerpt":{"rendered":"<p>On paper, modularity and memory Gemischte Bl\u00e4tter consists of weaving sheets of paper made from original GDR material (12 \u00d7 17 cm). Paper weaving, which is a domestic activity, fits well into the setting of an appartment, and especially that of a plattenbau. Plattenbauten are buildings assembled from factory-produced, concrete slabs and were heavily used [&hellip;]<\/p>\n","protected":false},"author":1,"featured_media":0,"parent":0,"menu_order":0,"comment_status":"closed","ping_status":"closed","template":"","meta":{"footnotes":""},"class_list":["post-2458","page","type-page","status-publish","hentry"],"yoast_head":"<!-- This site is optimized with the Yoast SEO plugin v24.2 - https:\/\/yoast.com\/wordpress\/plugins\/seo\/ -->\n<title>Gemischte Bl\u00e4tter - Claire Ebendinger<\/title>\n<meta name=\"robots\" content=\"index, follow, max-snippet:-1, max-image-preview:large, max-video-preview:-1\" \/>\n<link rel=\"canonical\" href=\"https:\/\/www.claire-ebendinger.fr\/?page_id=2458\" \/>\n<meta property=\"og:locale\" content=\"en_US\" \/>\n<meta property=\"og:type\" content=\"article\" \/>\n<meta property=\"og:title\" content=\"Gemischte Bl\u00e4tter - Claire Ebendinger\" \/>\n<meta property=\"og:description\" content=\"On paper, modularity and memory Gemischte Bl\u00e4tter consists of weaving sheets of paper made from original GDR material (12 \u00d7 17 cm). Paper weaving, which is a domestic activity, fits well into the setting of an appartment, and especially that of a plattenbau. Plattenbauten are buildings assembled from factory-produced, concrete slabs and were heavily used [&hellip;]\" \/>\n<meta property=\"og:url\" content=\"https:\/\/www.claire-ebendinger.fr\/?page_id=2458\" \/>\n<meta property=\"og:site_name\" content=\"Claire Ebendinger\" \/>\n<meta property=\"article:modified_time\" content=\"2026-01-30T13:28:34+00:00\" \/>\n<meta name=\"twitter:card\" content=\"summary_large_image\" \/>\n<meta name=\"twitter:label1\" content=\"Est. reading time\" \/>\n\t<meta name=\"twitter:data1\" content=\"1 minute\" \/>\n<script type=\"application\/ld+json\" class=\"yoast-schema-graph\">{\"@context\":\"https:\/\/schema.org\",\"@graph\":[{\"@type\":\"WebPage\",\"@id\":\"https:\/\/www.claire-ebendinger.fr\/?page_id=2458\",\"url\":\"https:\/\/www.claire-ebendinger.fr\/?page_id=2458\",\"name\":\"Gemischte Bl\u00e4tter - Claire Ebendinger\",\"isPartOf\":{\"@id\":\"https:\/\/www.claire-ebendinger.fr\/#website\"},\"datePublished\":\"2026-01-30T13:07:06+00:00\",\"dateModified\":\"2026-01-30T13:28:34+00:00\",\"breadcrumb\":{\"@id\":\"https:\/\/www.claire-ebendinger.fr\/?page_id=2458#breadcrumb\"},\"inLanguage\":\"en-US\",\"potentialAction\":[{\"@type\":\"ReadAction\",\"target\":[\"https:\/\/www.claire-ebendinger.fr\/?page_id=2458\"]}]},{\"@type\":\"BreadcrumbList\",\"@id\":\"https:\/\/www.claire-ebendinger.fr\/?page_id=2458#breadcrumb\",\"itemListElement\":[{\"@type\":\"ListItem\",\"position\":1,\"name\":\"Home\",\"item\":\"https:\/\/www.claire-ebendinger.fr\/\"},{\"@type\":\"ListItem\",\"position\":2,\"name\":\"Gemischte Bl\u00e4tter\"}]},{\"@type\":\"WebSite\",\"@id\":\"https:\/\/www.claire-ebendinger.fr\/#website\",\"url\":\"https:\/\/www.claire-ebendinger.fr\/\",\"name\":\"Claire Ebendinger\",\"description\":\"\",\"publisher\":{\"@id\":\"https:\/\/www.claire-ebendinger.fr\/#organization\"},\"potentialAction\":[{\"@type\":\"SearchAction\",\"target\":{\"@type\":\"EntryPoint\",\"urlTemplate\":\"https:\/\/www.claire-ebendinger.fr\/?s={search_term_string}\"},\"query-input\":{\"@type\":\"PropertyValueSpecification\",\"valueRequired\":true,\"valueName\":\"search_term_string\"}}],\"inLanguage\":\"en-US\"},{\"@type\":\"Organization\",\"@id\":\"https:\/\/www.claire-ebendinger.fr\/#organization\",\"name\":\"Claire Ebendinger\",\"url\":\"https:\/\/www.claire-ebendinger.fr\/\",\"logo\":{\"@type\":\"ImageObject\",\"inLanguage\":\"en-US\",\"@id\":\"https:\/\/www.claire-ebendinger.fr\/#\/schema\/logo\/image\/\",\"url\":\"https:\/\/www.claire-ebendinger.fr\/wp-content\/uploads\/2021\/08\/logo-site-internet_big.png\",\"contentUrl\":\"https:\/\/www.claire-ebendinger.fr\/wp-content\/uploads\/2021\/08\/logo-site-internet_big.png\",\"width\":2346,\"height\":338,\"caption\":\"Claire Ebendinger\"},\"image\":{\"@id\":\"https:\/\/www.claire-ebendinger.fr\/#\/schema\/logo\/image\/\"}}]}<\/script>\n<!-- \/ Yoast SEO plugin. -->","yoast_head_json":{"title":"Gemischte Bl\u00e4tter - Claire Ebendinger","robots":{"index":"index","follow":"follow","max-snippet":"max-snippet:-1","max-image-preview":"max-image-preview:large","max-video-preview":"max-video-preview:-1"},"canonical":"https:\/\/www.claire-ebendinger.fr\/?page_id=2458","og_locale":"en_US","og_type":"article","og_title":"Gemischte Bl\u00e4tter - Claire Ebendinger","og_description":"On paper, modularity and memory Gemischte Bl\u00e4tter consists of weaving sheets of paper made from original GDR material (12 \u00d7 17 cm). Paper weaving, which is a domestic activity, fits well into the setting of an appartment, and especially that of a plattenbau. Plattenbauten are buildings assembled from factory-produced, concrete slabs and were heavily used [&hellip;]","og_url":"https:\/\/www.claire-ebendinger.fr\/?page_id=2458","og_site_name":"Claire Ebendinger","article_modified_time":"2026-01-30T13:28:34+00:00","twitter_card":"summary_large_image","twitter_misc":{"Est. reading time":"1 minute"},"schema":{"@context":"https:\/\/schema.org","@graph":[{"@type":"WebPage","@id":"https:\/\/www.claire-ebendinger.fr\/?page_id=2458","url":"https:\/\/www.claire-ebendinger.fr\/?page_id=2458","name":"Gemischte Bl\u00e4tter - Claire Ebendinger","isPartOf":{"@id":"https:\/\/www.claire-ebendinger.fr\/#website"},"datePublished":"2026-01-30T13:07:06+00:00","dateModified":"2026-01-30T13:28:34+00:00","breadcrumb":{"@id":"https:\/\/www.claire-ebendinger.fr\/?page_id=2458#breadcrumb"},"inLanguage":"en-US","potentialAction":[{"@type":"ReadAction","target":["https:\/\/www.claire-ebendinger.fr\/?page_id=2458"]}]},{"@type":"BreadcrumbList","@id":"https:\/\/www.claire-ebendinger.fr\/?page_id=2458#breadcrumb","itemListElement":[{"@type":"ListItem","position":1,"name":"Home","item":"https:\/\/www.claire-ebendinger.fr\/"},{"@type":"ListItem","position":2,"name":"Gemischte Bl\u00e4tter"}]},{"@type":"WebSite","@id":"https:\/\/www.claire-ebendinger.fr\/#website","url":"https:\/\/www.claire-ebendinger.fr\/","name":"Claire Ebendinger","description":"","publisher":{"@id":"https:\/\/www.claire-ebendinger.fr\/#organization"},"potentialAction":[{"@type":"SearchAction","target":{"@type":"EntryPoint","urlTemplate":"https:\/\/www.claire-ebendinger.fr\/?s={search_term_string}"},"query-input":{"@type":"PropertyValueSpecification","valueRequired":true,"valueName":"search_term_string"}}],"inLanguage":"en-US"},{"@type":"Organization","@id":"https:\/\/www.claire-ebendinger.fr\/#organization","name":"Claire Ebendinger","url":"https:\/\/www.claire-ebendinger.fr\/","logo":{"@type":"ImageObject","inLanguage":"en-US","@id":"https:\/\/www.claire-ebendinger.fr\/#\/schema\/logo\/image\/","url":"https:\/\/www.claire-ebendinger.fr\/wp-content\/uploads\/2021\/08\/logo-site-internet_big.png","contentUrl":"https:\/\/www.claire-ebendinger.fr\/wp-content\/uploads\/2021\/08\/logo-site-internet_big.png","width":2346,"height":338,"caption":"Claire Ebendinger"},"image":{"@id":"https:\/\/www.claire-ebendinger.fr\/#\/schema\/logo\/image\/"}}]}},"_links":{"self":[{"href":"https:\/\/www.claire-ebendinger.fr\/index.php?rest_route=\/wp\/v2\/pages\/2458","targetHints":{"allow":["GET"]}}],"collection":[{"href":"https:\/\/www.claire-ebendinger.fr\/index.php?rest_route=\/wp\/v2\/pages"}],"about":[{"href":"https:\/\/www.claire-ebendinger.fr\/index.php?rest_route=\/wp\/v2\/types\/page"}],"author":[{"embeddable":true,"href":"https:\/\/www.claire-ebendinger.fr\/index.php?rest_route=\/wp\/v2\/users\/1"}],"replies":[{"embeddable":true,"href":"https:\/\/www.claire-ebendinger.fr\/index.php?rest_route=%2Fwp%2Fv2%2Fcomments&post=2458"}],"version-history":[{"count":3,"href":"https:\/\/www.claire-ebendinger.fr\/index.php?rest_route=\/wp\/v2\/pages\/2458\/revisions"}],"predecessor-version":[{"id":2477,"href":"https:\/\/www.claire-ebendinger.fr\/index.php?rest_route=\/wp\/v2\/pages\/2458\/revisions\/2477"}],"wp:attachment":[{"href":"https:\/\/www.claire-ebendinger.fr\/index.php?rest_route=%2Fwp%2Fv2%2Fmedia&parent=2458"}],"curies":[{"name":"wp","href":"https:\/\/api.w.org\/{rel}","templated":true}]}}